{"id":2716,"date":"2025-12-26T17:39:09","date_gmt":"2025-12-26T16:39:09","guid":{"rendered":"https:\/\/imagimedia.fr\/preprod-almacertif\/cookie-policy\/"},"modified":"2025-12-27T07:01:17","modified_gmt":"2025-12-27T06:01:17","slug":"politique-des-cookies","status":"publish","type":"page","link":"https:\/\/imagimedia.fr\/preprod-almacertif\/politique-des-cookies\/","title":{"rendered":"Politique des cookies"},"content":{"rendered":"\t\t<div data-elementor-type=\"wp-page\" data-elementor-id=\"2716\" class=\"elementor elementor-2716\" data-elementor-post-type=\"page\">\n\t\t\t\t<div class=\"elementor-element elementor-element-e268ac8 e-flex e-con-boxed e-con e-parent\" data-id=\"e268ac8\" data-element_type=\"container\" data-e-type=\"container\">\n\t\t\t\t\t<div class=\"e-con-inner\">\n\t\t\t\t<div class=\"elementor-element elementor-element-d197126 elementor-widget elementor-widget-heading\" data-id=\"d197126\" data-element_type=\"widget\" data-e-type=\"widget\" data-widget_type=\"heading.default\">\n\t\t\t\t\t<h1 class=\"elementor-heading-title elementor-size-default\">POLITIQUE DES COOKIES<\/h1>\t\t\t\t<\/div>\n\t\t\t\t\t<\/div>\n\t\t\t\t<\/div>\n\t\t<div class=\"elementor-element elementor-element-1bd51803 e-flex e-con-boxed e-con e-parent\" data-id=\"1bd51803\" data-element_type=\"container\" data-e-type=\"container\">\n\t\t\t\t\t<div class=\"e-con-inner\">\n\t\t\t\t<div class=\"elementor-element elementor-element-681fd36 elementor-widget elementor-widget-text-editor\" data-id=\"681fd36\" data-element_type=\"widget\" data-e-type=\"widget\" data-widget_type=\"text-editor.default\">\n\t\t\t\t\t\t\t\t\t<p>Cette page vous fournit des informations compl\u00e8tes sur l&rsquo;utilisation des cookies pr\u00e9sents sur notre site web afin d&rsquo;am\u00e9liorer votre exp\u00e9rience de navigation, les performances du site et de vous proposer un contenu personnalis\u00e9. Les cookies sont de petits fichiers texte enregistr\u00e9s sur votre appareil lorsque vous visitez notre site. Ils nous aident \u00e0 comprendre comment les visiteurs interagissent avec notre site web, ce qui nous permet de vous offrir une exp\u00e9rience utilisateur plus fluide et plus efficace.<\/p>\n<p>Le tableau ci-dessous pr\u00e9sente des informations d\u00e9taill\u00e9es sur chaque type de cookie utilis\u00e9, sa finalit\u00e9 et sa dur\u00e9e de conservation sur votre appareil. Nous nous engageons \u00e0 respecter votre vie priv\u00e9e et \u00e0 vous informer en toute transparence sur les donn\u00e9es collect\u00e9es par le biais des cookies.<\/p>\n<p>Pour plus d&rsquo;informations sur le traitement de vos donn\u00e9es personnelles, veuillez consulter notre <a href=\"https:\/\/imagimedia.fr\/preprod-almacertif\/politique-de-confidentialite\/\">Politique de confidentialit\u00e9.<\/a><\/p>\n<p><!-- \/wp:paragraph -->\n\n<!-- wp:shortcode --><br \/><div class=\"wpconsent-cookie-policy\"><h2 class=\"wpconsent-cookie-category-name\">Essentiels<\/h2><p class=\"wpconsent-cookie-category-description\">Cookies essentiels qui permettent d&#039;assurer les fonctions de base et qui sont n\u00e9cessaires au bon fonctionnement du site web :<\/p><table class=\"wpconsent-cookie-policy-table\"><tr><th>Nom<\/th><th>Description<\/th><th>Dur\u00e9e<\/th><\/tr><tr><td>wpconsent_preferences<\/td><td>Ce cookie est utilis\u00e9 pour enregistrer les pr\u00e9f\u00e9rences de consentement aux cookies de l&#039;utilisateur.<\/td><td>30 jours<\/td><\/tr><\/table><\/div><!-- \/wp:shortcode --><\/p>\t\t\t\t\t\t\t\t<\/div>\n\t\t\t\t\t<\/div>\n\t\t\t\t<\/div>\n\t\t\t\t<\/div>\n\t\t","protected":false},"excerpt":{"rendered":"<p>POLITIQUE DES COOKIES Cette page vous fournit des informations compl\u00e8tes sur l&rsquo;utilisation des cookies pr\u00e9sents sur notre site web afin [&hellip;]<\/p>\n","protected":false},"author":4,"featured_media":0,"parent":0,"menu_order":0,"comment_status":"closed","ping_status":"closed","template":"","meta":{"_acf_changed":false,"site-sidebar-layout":"default","site-content-layout":"","ast-site-content-layout":"default","site-content-style":"default","site-sidebar-style":"default","ast-global-header-display":"","ast-banner-title-visibility":"","ast-main-header-display":"","ast-hfb-above-header-display":"","ast-hfb-below-header-display":"","ast-hfb-mobile-header-display":"","site-post-title":"","ast-breadcrumbs-content":"","ast-featured-img":"","footer-sml-layout":"","ast-disable-related-posts":"","theme-transparent-header-meta":"","adv-header-id-meta":"","stick-header-meta":"","header-above-stick-meta":"","header-main-stick-meta":"","header-below-stick-meta":"","astra-migrate-meta-layouts":"default","ast-page-background-enabled":"default","ast-page-background-meta":{"desktop":{"background-color":"var(--ast-global-color-5)","background-image":"","background-repeat":"repeat","background-position":"center center","background-size":"auto","background-attachment":"scroll","background-type":"","background-media":"","overlay-type":"","overlay-color":"","overlay-opacity":"","overlay-gradient":""},"tablet":{"background-color":"","background-image":"","background-repeat":"repeat","background-position":"center center","background-size":"auto","background-attachment":"scroll","background-type":"","background-media":"","overlay-type":"","overlay-color":"","overlay-opacity":"","overlay-gradient":""},"mobile":{"background-color":"","background-image":"","background-repeat":"repeat","background-position":"center center","background-size":"auto","background-attachment":"scroll","background-type":"","background-media":"","overlay-type":"","overlay-color":"","overlay-opacity":"","overlay-gradient":""}},"ast-content-background-meta":{"desktop":{"background-color":"var(--ast-global-color-4)","background-image":"","background-repeat":"repeat","background-position":"center center","background-size":"auto","background-attachment":"scroll","background-type":"","background-media":"","overlay-type":"","overlay-color":"","overlay-opacity":"","overlay-gradient":""},"tablet":{"background-color":"var(--ast-global-color-4)","background-image":"","background-repeat":"repeat","background-position":"center center","background-size":"auto","background-attachment":"scroll","background-type":"","background-media":"","overlay-type":"","overlay-color":"","overlay-opacity":"","overlay-gradient":""},"mobile":{"background-color":"var(--ast-global-color-4)","background-image":"","background-repeat":"repeat","background-position":"center center","background-size":"auto","background-attachment":"scroll","background-type":"","background-media":"","overlay-type":"","overlay-color":"","overlay-opacity":"","overlay-gradient":""}},"footnotes":""},"class_list":["post-2716","page","type-page","status-publish","hentry"],"acf":[],"yoast_head":"<!-- This site is optimized with the Yoast SEO plugin v27.3 - https:\/\/yoast.com\/product\/yoast-seo-wordpress\/ -->\n<title>Politique des cookies | ALMA CERTIF<\/title>\n<meta name=\"robots\" content=\"noindex, follow, max-snippet:-1, max-image-preview:large, max-video-preview:-1\" \/>\n<meta property=\"og:locale\" content=\"fr_FR\" \/>\n<meta property=\"og:type\" content=\"article\" \/>\n<meta property=\"og:title\" content=\"Politique des cookies | ALMA CERTIF\" \/>\n<meta property=\"og:description\" content=\"POLITIQUE DES COOKIES Cette page vous fournit des informations compl\u00e8tes sur l&rsquo;utilisation des cookies pr\u00e9sents sur notre site web afin [&hellip;]\" \/>\n<meta property=\"og:url\" content=\"https:\/\/imagimedia.fr\/preprod-almacertif\/politique-des-cookies\/\" \/>\n<meta property=\"og:site_name\" content=\"ALMA CERTIF\" \/>\n<meta property=\"article:modified_time\" content=\"2025-12-27T06:01:17+00:00\" \/>\n<meta name=\"twitter:card\" content=\"summary_large_image\" \/>\n<meta name=\"twitter:label1\" content=\"Dur\u00e9e de lecture estim\u00e9e\" \/>\n\t<meta name=\"twitter:data1\" content=\"1 minute\" \/>\n<script type=\"application\/ld+json\" class=\"yoast-schema-graph\">{\"@context\":\"https:\\\/\\\/schema.org\",\"@graph\":[{\"@type\":\"WebPage\",\"@id\":\"https:\\\/\\\/imagimedia.fr\\\/preprod-almacertif\\\/politique-des-cookies\\\/\",\"url\":\"https:\\\/\\\/imagimedia.fr\\\/preprod-almacertif\\\/politique-des-cookies\\\/\",\"name\":\"Politique des cookies | ALMA CERTIF\",\"isPartOf\":{\"@id\":\"https:\\\/\\\/imagimedia.fr\\\/preprod-almacertif\\\/#website\"},\"datePublished\":\"2025-12-26T16:39:09+00:00\",\"dateModified\":\"2025-12-27T06:01:17+00:00\",\"breadcrumb\":{\"@id\":\"https:\\\/\\\/imagimedia.fr\\\/preprod-almacertif\\\/politique-des-cookies\\\/#breadcrumb\"},\"inLanguage\":\"fr-FR\",\"potentialAction\":[{\"@type\":\"ReadAction\",\"target\":[\"https:\\\/\\\/imagimedia.fr\\\/preprod-almacertif\\\/politique-des-cookies\\\/\"]}]},{\"@type\":\"BreadcrumbList\",\"@id\":\"https:\\\/\\\/imagimedia.fr\\\/preprod-almacertif\\\/politique-des-cookies\\\/#breadcrumb\",\"itemListElement\":[{\"@type\":\"ListItem\",\"position\":1,\"name\":\"Accueil\",\"item\":\"https:\\\/\\\/imagimedia.fr\\\/preprod-almacertif\\\/\"},{\"@type\":\"ListItem\",\"position\":2,\"name\":\"Politique des cookies\"}]},{\"@type\":\"WebSite\",\"@id\":\"https:\\\/\\\/imagimedia.fr\\\/preprod-almacertif\\\/#website\",\"url\":\"https:\\\/\\\/imagimedia.fr\\\/preprod-almacertif\\\/\",\"name\":\"ALMA CERTIF\",\"description\":\"Faire savoir le savoir-faire\",\"publisher\":{\"@id\":\"https:\\\/\\\/imagimedia.fr\\\/preprod-almacertif\\\/#organization\"},\"potentialAction\":[{\"@type\":\"SearchAction\",\"target\":{\"@type\":\"EntryPoint\",\"urlTemplate\":\"https:\\\/\\\/imagimedia.fr\\\/preprod-almacertif\\\/?s={search_term_string}\"},\"query-input\":{\"@type\":\"PropertyValueSpecification\",\"valueRequired\":true,\"valueName\":\"search_term_string\"}}],\"inLanguage\":\"fr-FR\"},{\"@type\":\"Organization\",\"@id\":\"https:\\\/\\\/imagimedia.fr\\\/preprod-almacertif\\\/#organization\",\"name\":\"ALMA CERTIF\",\"url\":\"https:\\\/\\\/imagimedia.fr\\\/preprod-almacertif\\\/\",\"logo\":{\"@type\":\"ImageObject\",\"inLanguage\":\"fr-FR\",\"@id\":\"https:\\\/\\\/imagimedia.fr\\\/preprod-almacertif\\\/#\\\/schema\\\/logo\\\/image\\\/\",\"url\":\"https:\\\/\\\/imagimedia.fr\\\/preprod-almacertif\\\/wp-content\\\/uploads\\\/2025\\\/07\\\/cropped-LOGO-ALMA-CERTIF-2021_v2-1.png\",\"contentUrl\":\"https:\\\/\\\/imagimedia.fr\\\/preprod-almacertif\\\/wp-content\\\/uploads\\\/2025\\\/07\\\/cropped-LOGO-ALMA-CERTIF-2021_v2-1.png\",\"width\":2469,\"height\":865,\"caption\":\"ALMA CERTIF\"},\"image\":{\"@id\":\"https:\\\/\\\/imagimedia.fr\\\/preprod-almacertif\\\/#\\\/schema\\\/logo\\\/image\\\/\"},\"sameAs\":[\"https:\\\/\\\/www.linkedin.com\\\/company\\\/agence-francaise-alma-certification\\\/\"]}]}<\/script>\n<!-- \/ Yoast SEO plugin. -->","yoast_head_json":{"title":"Politique des cookies | ALMA CERTIF","robots":{"index":"noindex","follow":"follow","max-snippet":"max-snippet:-1","max-image-preview":"max-image-preview:large","max-video-preview":"max-video-preview:-1"},"og_locale":"fr_FR","og_type":"article","og_title":"Politique des cookies | ALMA CERTIF","og_description":"POLITIQUE DES COOKIES Cette page vous fournit des informations compl\u00e8tes sur l&rsquo;utilisation des cookies pr\u00e9sents sur notre site web afin [&hellip;]","og_url":"https:\/\/imagimedia.fr\/preprod-almacertif\/politique-des-cookies\/","og_site_name":"ALMA CERTIF","article_modified_time":"2025-12-27T06:01:17+00:00","twitter_card":"summary_large_image","twitter_misc":{"Dur\u00e9e de lecture estim\u00e9e":"1 minute"},"schema":{"@context":"https:\/\/schema.org","@graph":[{"@type":"WebPage","@id":"https:\/\/imagimedia.fr\/preprod-almacertif\/politique-des-cookies\/","url":"https:\/\/imagimedia.fr\/preprod-almacertif\/politique-des-cookies\/","name":"Politique des cookies | ALMA CERTIF","isPartOf":{"@id":"https:\/\/imagimedia.fr\/preprod-almacertif\/#website"},"datePublished":"2025-12-26T16:39:09+00:00","dateModified":"2025-12-27T06:01:17+00:00","breadcrumb":{"@id":"https:\/\/imagimedia.fr\/preprod-almacertif\/politique-des-cookies\/#breadcrumb"},"inLanguage":"fr-FR","potentialAction":[{"@type":"ReadAction","target":["https:\/\/imagimedia.fr\/preprod-almacertif\/politique-des-cookies\/"]}]},{"@type":"BreadcrumbList","@id":"https:\/\/imagimedia.fr\/preprod-almacertif\/politique-des-cookies\/#breadcrumb","itemListElement":[{"@type":"ListItem","position":1,"name":"Accueil","item":"https:\/\/imagimedia.fr\/preprod-almacertif\/"},{"@type":"ListItem","position":2,"name":"Politique des cookies"}]},{"@type":"WebSite","@id":"https:\/\/imagimedia.fr\/preprod-almacertif\/#website","url":"https:\/\/imagimedia.fr\/preprod-almacertif\/","name":"ALMA CERTIF","description":"Faire savoir le savoir-faire","publisher":{"@id":"https:\/\/imagimedia.fr\/preprod-almacertif\/#organization"},"potentialAction":[{"@type":"SearchAction","target":{"@type":"EntryPoint","urlTemplate":"https:\/\/imagimedia.fr\/preprod-almacertif\/?s={search_term_string}"},"query-input":{"@type":"PropertyValueSpecification","valueRequired":true,"valueName":"search_term_string"}}],"inLanguage":"fr-FR"},{"@type":"Organization","@id":"https:\/\/imagimedia.fr\/preprod-almacertif\/#organization","name":"ALMA CERTIF","url":"https:\/\/imagimedia.fr\/preprod-almacertif\/","logo":{"@type":"ImageObject","inLanguage":"fr-FR","@id":"https:\/\/imagimedia.fr\/preprod-almacertif\/#\/schema\/logo\/image\/","url":"https:\/\/imagimedia.fr\/preprod-almacertif\/wp-content\/uploads\/2025\/07\/cropped-LOGO-ALMA-CERTIF-2021_v2-1.png","contentUrl":"https:\/\/imagimedia.fr\/preprod-almacertif\/wp-content\/uploads\/2025\/07\/cropped-LOGO-ALMA-CERTIF-2021_v2-1.png","width":2469,"height":865,"caption":"ALMA CERTIF"},"image":{"@id":"https:\/\/imagimedia.fr\/preprod-almacertif\/#\/schema\/logo\/image\/"},"sameAs":["https:\/\/www.linkedin.com\/company\/agence-francaise-alma-certification\/"]}]}},"_links":{"self":[{"href":"https:\/\/imagimedia.fr\/preprod-almacertif\/wp-json\/wp\/v2\/pages\/2716","targetHints":{"allow":["GET"]}}],"collection":[{"href":"https:\/\/imagimedia.fr\/preprod-almacertif\/wp-json\/wp\/v2\/pages"}],"about":[{"href":"https:\/\/imagimedia.fr\/preprod-almacertif\/wp-json\/wp\/v2\/types\/page"}],"author":[{"embeddable":true,"href":"https:\/\/imagimedia.fr\/preprod-almacertif\/wp-json\/wp\/v2\/users\/4"}],"replies":[{"embeddable":true,"href":"https:\/\/imagimedia.fr\/preprod-almacertif\/wp-json\/wp\/v2\/comments?post=2716"}],"version-history":[{"count":35,"href":"https:\/\/imagimedia.fr\/preprod-almacertif\/wp-json\/wp\/v2\/pages\/2716\/revisions"}],"predecessor-version":[{"id":2800,"href":"https:\/\/imagimedia.fr\/preprod-almacertif\/wp-json\/wp\/v2\/pages\/2716\/revisions\/2800"}],"wp:attachment":[{"href":"https:\/\/imagimedia.fr\/preprod-almacertif\/wp-json\/wp\/v2\/media?parent=2716"}],"curies":[{"name":"wp","href":"https:\/\/api.w.org\/{rel}","templated":true}]}}